{"id":99,"date":"2012-06-26T14:03:00","date_gmt":"2012-06-26T12:03:00","guid":{"rendered":"https:\/\/cinema.family-steiner.com\/?page_id=99"},"modified":"2019-06-24T15:13:00","modified_gmt":"2019-06-24T13:13:00","slug":"die-herbstzeitlosen","status":"publish","type":"page","link":"https:\/\/cinema.family-steiner.com\/?page_id=99","title":{"rendered":"Die Herbstzeitlosen (2007)"},"content":{"rendered":"<p style=\"text-align: center;\">Seit ihr Mann gestorben ist, hat Martha die Freude am Leben verloren. Ihr Dorfladen d\u00fcmpelt vor sich hin und auch bei der Jassrunde mit ihren drei Freundinnen will die rechte Freude nicht mehr aufkommen. Sohn Walter, der alles andere als heilige Dorfpfarrer, m\u00f6chte den Laden sowieso f\u00fcr seine Bibelgruppe, und auch Martha w\u00fcrde am liebsten ihrem Mann ins Jenseits folgen.<br \/>\nZum Gl\u00fcck gibt es noch das quirlige Lisi (Heidi Maria Gl\u00f6ssner), die gegen die allgemeine Resignation ank\u00e4mpft und Martha (Stephanie Glaser) dazu bringt, ihren lange gehegten Traum &#8211; eine eigene Lingerie-Boutique &#8211; zu verwirklichen. Und so wird aus dem braven L\u00e4deli beinahe \u00fcber Nacht ein s\u00fcndiger Reizw\u00e4schetempel. Im kleinen Dorf Trub ist man sich solches nicht gewohnt, und schnell macht sich allerorten der Widerstand breit. Der scheinheilige Pfarrer (Hanspeter M\u00fcller) opponiert ebenso wie der lokale Rechtspolitiker gegen die heissen H\u00f6schen, und auch Marthas Freundinnen sind nicht alle angetan von deren textilerotischen Eskapaden.<\/p>\n<p style=\"text-align: center;\"><a href=\"https:\/\/cinema.family-steiner.com\/wp-content\/uploads\/2012\/06\/die_herbstzeitlosen.jpg\"><img loading=\"lazy\" decoding=\"async\" class=\"alignleft size-full wp-image-184\" title=\"die_herbstzeitlosen\" src=\"https:\/\/cinema.family-steiner.com\/wp-content\/uploads\/2012\/06\/die_herbstzeitlosen.jpg\" alt=\"\" width=\"529\" height=\"755\" srcset=\"https:\/\/cinema.family-steiner.com\/wp-content\/uploads\/2012\/06\/die_herbstzeitlosen.jpg 529w, https:\/\/cinema.family-steiner.com\/wp-content\/uploads\/2012\/06\/die_herbstzeitlosen-210x300.jpg 210w\" sizes=\"(max-width: 529px) 100vw, 529px\" \/><\/a><\/p>\n<p style=\"text-align: center;\">\n<p style=\"text-align: center;\">\n<p style=\"text-align: center;\">\n<p style=\"text-align: center;\">\n<p style=\"text-align: center;\">\n<p style=\"text-align: center;\">\n<p style=\"text-align: center;\">\n<p style=\"text-align: center;\">\n<p style=\"text-align: center;\">\n<p style=\"text-align: center;\">\n<p style=\"text-align: center;\">\n<p style=\"text-align: center;\">\n<p style=\"text-align: center;\">\n<p style=\"text-align: center;\">\n<p style=\"text-align: center;\">\n<p style=\"text-align: center;\">\n<p style=\"text-align: center;\">\n<p style=\"text-align: center;\">Land (Jahr): Schweiz (2006)<br \/>\nGenre: Comedy<br \/>\nFilml\u00e4nge: 90min<br \/>\nRegie: Bettina Oberli<br \/>\nCast: Stephanie Glaser<br \/>\nHeidi Maria Gl\u00f6ssner<br \/>\nHanspeter M\u00fcller-Drossaart<br \/>\nLilian Naef<br \/>\nAnnemarie D\u00fcringer<br \/>\nMonika Niggeler<br \/>\nMonica Gubser<\/p>\n","protected":false},"excerpt":{"rendered":"<p>Seit ihr Mann gestorben ist, hat Martha die Freude am Leben verloren. Ihr Dorfladen d\u00fcmpelt vor sich hin und auch bei der Jassrunde mit ihren drei Freundinnen will die rechte Freude nicht mehr aufkommen. Sohn Walter, der alles andere als &hellip; <a href=\"https:\/\/cinema.family-steiner.com\/?page_id=99\">Continue reading <span class=\"meta-nav\">&rarr;<\/span><\/a><\/p>\n","protected":false},"author":1,"featured_media":0,"parent":87,"menu_order":2,"comment_status":"closed","ping_status":"closed","template":"","meta":{"footnotes":""},"_links":{"self":[{"href":"https:\/\/cinema.family-steiner.com\/index.php?rest_route=\/wp\/v2\/pages\/99"}],"collection":[{"href":"https:\/\/cinema.family-steiner.com\/index.php?rest_route=\/wp\/v2\/pages"}],"about":[{"href":"https:\/\/cinema.family-steiner.com\/index.php?rest_route=\/wp\/v2\/types\/page"}],"author":[{"embeddable":true,"href":"https:\/\/cinema.family-steiner.com\/index.php?rest_route=\/wp\/v2\/users\/1"}],"replies":[{"embeddable":true,"href":"https:\/\/cinema.family-steiner.com\/index.php?rest_route=%2Fwp%2Fv2%2Fcomments&post=99"}],"version-history":[{"count":7,"href":"https:\/\/cinema.family-steiner.com\/index.php?rest_route=\/wp\/v2\/pages\/99\/revisions"}],"predecessor-version":[{"id":437,"href":"https:\/\/cinema.family-steiner.com\/index.php?rest_route=\/wp\/v2\/pages\/99\/revisions\/437"}],"up":[{"embeddable":true,"href":"https:\/\/cinema.family-steiner.com\/index.php?rest_route=\/wp\/v2\/pages\/87"}],"wp:attachment":[{"href":"https:\/\/cinema.family-steiner.com\/index.php?rest_route=%2Fwp%2Fv2%2Fmedia&parent=99"}],"curies":[{"name":"wp","href":"https:\/\/api.w.org\/{rel}","templated":true}]}}