{"id":54,"date":"2012-06-19T15:26:50","date_gmt":"2012-06-19T13:26:50","guid":{"rendered":"https:\/\/cinema.family-steiner.com\/?page_id=54"},"modified":"2019-06-24T15:15:53","modified_gmt":"2019-06-24T13:15:53","slug":"red-dog","status":"publish","type":"page","link":"https:\/\/cinema.family-steiner.com\/?page_id=54","title":{"rendered":"Red Dog (2012)"},"content":{"rendered":"<p style=\"text-align: center;\">In den sp\u00e4ten 1970er Jahren taucht ein roter Hund wie aus dem Nichts in der kleinen australischen Bergwerkstadt am Meer auf und verdreht allen den Kopf. Doch sein Herrchen sucht sich der Hund lieber selbst aus, probiert diesen und mal jenen aus, bis er sich schlie\u00dflich ausgerechnet f\u00fcr den l\u00e4ssigen Busfahrer John entscheidet. John und Red Dog sind ein Traumpaar, bis eines Tages Nancy auftaucht und John den Kopf verdreht. Red Dog sp\u00fcrt die Ver\u00e4nderung, doch dass es so dick kommt, h\u00e4tte keiner erwartet.<\/p>\n<p style=\"text-align: center;\"><a href=\"https:\/\/cinema.family-steiner.com\/wp-content\/uploads\/2012\/06\/Red-Dog-Poster.jpg\" rel=\"attachment wp-att-307\"><img loading=\"lazy\" decoding=\"async\" class=\"aligncenter size-full wp-image-307\" src=\"https:\/\/cinema.family-steiner.com\/wp-content\/uploads\/2012\/06\/Red-Dog-Poster.jpg\" alt=\"Red-Dog-Poster\" width=\"562\" height=\"422\" srcset=\"https:\/\/cinema.family-steiner.com\/wp-content\/uploads\/2012\/06\/Red-Dog-Poster.jpg 562w, https:\/\/cinema.family-steiner.com\/wp-content\/uploads\/2012\/06\/Red-Dog-Poster-300x225.jpg 300w, https:\/\/cinema.family-steiner.com\/wp-content\/uploads\/2012\/06\/Red-Dog-Poster-400x300.jpg 400w\" sizes=\"(max-width: 562px) 100vw, 562px\" \/><\/a>Der Nr. 1-Kinohit 2011 in AustraIien.<br \/>\nRED DOG eroberte die Herzen der AustraIier im Sturm und schreibt Kinogeschichte in Australien!<br \/>\nDer FiIm um den ber\u00fchmtesten austraIischen Hund RED DOG reiht sich in die Liste der erfoIgreichsten austraIischen FiIme wie &#8220;CrocodiIe Dundee&#8221; und &#8220;Babe&#8221; ein.<br \/>\nDie Kom\u00f6die basiert auf dem gIeichnamigen Roman von Louis de Berni\u00e8res (dt.: Der rote Hund. Eine Geschichte aus Australien).<\/p>\n<p style=\"text-align: center;\"><a href=\"https:\/\/cinema.family-steiner.com\/wp-content\/uploads\/2012\/06\/Red-Dog.jpg\" rel=\"attachment wp-att-306\"><img loading=\"lazy\" decoding=\"async\" class=\"aligncenter size-full wp-image-306\" src=\"https:\/\/cinema.family-steiner.com\/wp-content\/uploads\/2012\/06\/Red-Dog.jpg\" alt=\"Red-Dog\" width=\"559\" height=\"315\" srcset=\"https:\/\/cinema.family-steiner.com\/wp-content\/uploads\/2012\/06\/Red-Dog.jpg 559w, https:\/\/cinema.family-steiner.com\/wp-content\/uploads\/2012\/06\/Red-Dog-300x169.jpg 300w, https:\/\/cinema.family-steiner.com\/wp-content\/uploads\/2012\/06\/Red-Dog-500x282.jpg 500w\" sizes=\"(max-width: 559px) 100vw, 559px\" \/><\/a>Land (Jahr): Australien (2011)<br \/>\nGenre: Kom\u00f6die \/ Drama<br \/>\nLaufzeit: 100 min.<br \/>\nJahr: 2011<br \/>\nRegie: Kriv Stenders<br \/>\nCast: Rachael Taylor<br \/>\nJosh Lucas<br \/>\nNoah Taylor<br \/>\nKeisha Castle-Hughes<br \/>\nLuke Ford<br \/>\nBill Hunter<br \/>\nEamon Farren<br \/>\nJohn Batchelor<br \/>\nTiffany Lyndall-Knight<br \/>\nRohan Nichol<br \/>\nLoene Carmen<\/p>\n","protected":false},"excerpt":{"rendered":"<p>In den sp\u00e4ten 1970er Jahren taucht ein roter Hund wie aus dem Nichts in der kleinen australischen Bergwerkstadt am Meer auf und verdreht allen den Kopf. Doch sein Herrchen sucht sich der Hund lieber selbst aus, probiert diesen und mal &hellip; <a href=\"https:\/\/cinema.family-steiner.com\/?page_id=54\">Continue reading <span class=\"meta-nav\">&rarr;<\/span><\/a><\/p>\n","protected":false},"author":1,"featured_media":0,"parent":87,"menu_order":7,"comment_status":"closed","ping_status":"closed","template":"","meta":{"footnotes":""},"_links":{"self":[{"href":"https:\/\/cinema.family-steiner.com\/index.php?rest_route=\/wp\/v2\/pages\/54"}],"collection":[{"href":"https:\/\/cinema.family-steiner.com\/index.php?rest_route=\/wp\/v2\/pages"}],"about":[{"href":"https:\/\/cinema.family-steiner.com\/index.php?rest_route=\/wp\/v2\/types\/page"}],"author":[{"embeddable":true,"href":"https:\/\/cinema.family-steiner.com\/index.php?rest_route=\/wp\/v2\/users\/1"}],"replies":[{"embeddable":true,"href":"https:\/\/cinema.family-steiner.com\/index.php?rest_route=%2Fwp%2Fv2%2Fcomments&post=54"}],"version-history":[{"count":20,"href":"https:\/\/cinema.family-steiner.com\/index.php?rest_route=\/wp\/v2\/pages\/54\/revisions"}],"predecessor-version":[{"id":445,"href":"https:\/\/cinema.family-steiner.com\/index.php?rest_route=\/wp\/v2\/pages\/54\/revisions\/445"}],"up":[{"embeddable":true,"href":"https:\/\/cinema.family-steiner.com\/index.php?rest_route=\/wp\/v2\/pages\/87"}],"wp:attachment":[{"href":"https:\/\/cinema.family-steiner.com\/index.php?rest_route=%2Fwp%2Fv2%2Fmedia&parent=54"}],"curies":[{"name":"wp","href":"https:\/\/api.w.org\/{rel}","templated":true}]}}