{"id":31,"date":"2011-07-28T14:31:16","date_gmt":"2011-07-28T12:31:16","guid":{"rendered":"https:\/\/cinema.family-steiner.com\/?page_id=31"},"modified":"2019-06-24T15:15:26","modified_gmt":"2019-06-24T13:15:26","slug":"the-worlds-fastest-indian","status":"publish","type":"page","link":"https:\/\/cinema.family-steiner.com\/?page_id=31","title":{"rendered":"The World&#8217;s fastest Indian (Movie 2011)"},"content":{"rendered":"<p><a href=\"https:\/\/cinema.family-steiner.com\/wp-content\/uploads\/2011\/07\/The-World\u2019s-Fastest-Indian.jpg\" rel=\"attachment wp-att-340\"><img loading=\"lazy\" decoding=\"async\" class=\"size-full wp-image-340 aligncenter\" src=\"https:\/\/cinema.family-steiner.com\/wp-content\/uploads\/2011\/07\/The-World\u2019s-Fastest-Indian.jpg\" alt=\"The-World\u2019s-Fastest-Indian\" width=\"500\" height=\"741\" srcset=\"https:\/\/cinema.family-steiner.com\/wp-content\/uploads\/2011\/07\/The-World\u2019s-Fastest-Indian.jpg 500w, https:\/\/cinema.family-steiner.com\/wp-content\/uploads\/2011\/07\/The-World\u2019s-Fastest-Indian-202x300.jpg 202w\" sizes=\"(max-width: 500px) 100vw, 500px\" \/><\/a><\/p>\n<p style=\"text-align: center;\">Invercargill, Neuseeland, in den 60er Jahren. Der Motorradfan und geniale Bastler Burt Munro hat sein halbes Leben damit verbracht, seine 46 Jahre alte Indian zu perfektionieren. Er ist sich ganz sicher, dass er mit seinem Oldtimermotorrad Geschwindigkeitsrekorde brechen k\u00f6nnte. Wenn er es nur eines Tages bis ins amerikanische Bonneville schaffen k\u00f6nnte, wo sich in den perfekt flachen Salztonebenen von Utah Motorenfans aus aller Welt treffen, um Geschwindigkeitsrekorde zu fahren. Als bei Burt eine Herzerkrankung diagnostiziert wird, entscheidet er sich, alles auf eine Karte zu setzen und seinen Lebenstraum zu verwirklichen, bevor es zu sp\u00e4t ist. Er verpf\u00e4ndet sein Haus und macht sich auf den beschwerlichen Weg aus der neuseel\u00e4ndischen Provinz nach Amerika.<\/p>\n<p style=\"text-align: center;\" title=\"Hubraum\">Mit Geschick und Z\u00e4higkeit, und nicht zuletzt der Hilfe zahlreicher Menschen, denen er begegnet, meistert Burt s\u00e4mtliche Hindernisse. Schlie\u00dflich darf er mit seiner Indian offiziell starten, und zur Begeisterung aller stellt er mit seinem Oldtimer tats\u00e4chlich einen neuen Rekord in der Klasse der vollverkleideten Motorr\u00e4der unter 1000 cm\u00b3 Hubraum auf.<\/p>\n<p style=\"text-align: center;\"><strong>Auszeichnungen:<\/strong> Roger Donaldson wurde 2005 f\u00fcr einen Preis des San Sebasti\u00e1n International Film Festivals nominiert.<\/p>\n<p style=\"text-align: center;\">Land (Jahr): USA \/ Neuseeland (2005)<br \/>\nLaufzeit: 122 min.<br \/>\nGenre: Abenteuer \/ Drama<br \/>\nRegie: Roger Donaldson<br \/>\nCast:<br \/>\nAnthony Hopkins<br \/>\nSaginaw Grant<br \/>\nDiane Ladd<br \/>\nWalton Goggins<br \/>\nChristopher Lawford<br \/>\nWilliam Lucking<br \/>\nAaron Murphy<br \/>\nLaurel Moglen<br \/>\nPaul Rodriguez<br \/>\nJessica Cauffiel<\/p>\n","protected":false},"excerpt":{"rendered":"<p>Invercargill, Neuseeland, in den 60er Jahren. Der Motorradfan und geniale Bastler Burt Munro hat sein halbes Leben damit verbracht, seine 46 Jahre alte Indian zu perfektionieren. Er ist sich ganz sicher, dass er mit seinem Oldtimermotorrad Geschwindigkeitsrekorde brechen k\u00f6nnte. Wenn &hellip; <a href=\"https:\/\/cinema.family-steiner.com\/?page_id=31\">Continue reading <span class=\"meta-nav\">&rarr;<\/span><\/a><\/p>\n","protected":false},"author":1,"featured_media":0,"parent":87,"menu_order":6,"comment_status":"closed","ping_status":"closed","template":"","meta":{"footnotes":""},"_links":{"self":[{"href":"https:\/\/cinema.family-steiner.com\/index.php?rest_route=\/wp\/v2\/pages\/31"}],"collection":[{"href":"https:\/\/cinema.family-steiner.com\/index.php?rest_route=\/wp\/v2\/pages"}],"about":[{"href":"https:\/\/cinema.family-steiner.com\/index.php?rest_route=\/wp\/v2\/types\/page"}],"author":[{"embeddable":true,"href":"https:\/\/cinema.family-steiner.com\/index.php?rest_route=\/wp\/v2\/users\/1"}],"replies":[{"embeddable":true,"href":"https:\/\/cinema.family-steiner.com\/index.php?rest_route=%2Fwp%2Fv2%2Fcomments&post=31"}],"version-history":[{"count":13,"href":"https:\/\/cinema.family-steiner.com\/index.php?rest_route=\/wp\/v2\/pages\/31\/revisions"}],"predecessor-version":[{"id":444,"href":"https:\/\/cinema.family-steiner.com\/index.php?rest_route=\/wp\/v2\/pages\/31\/revisions\/444"}],"up":[{"embeddable":true,"href":"https:\/\/cinema.family-steiner.com\/index.php?rest_route=\/wp\/v2\/pages\/87"}],"wp:attachment":[{"href":"https:\/\/cinema.family-steiner.com\/index.php?rest_route=%2Fwp%2Fv2%2Fmedia&parent=31"}],"curies":[{"name":"wp","href":"https:\/\/api.w.org\/{rel}","templated":true}]}}