{"id":113,"date":"2012-06-26T20:52:59","date_gmt":"2012-06-26T18:52:59","guid":{"rendered":"https:\/\/cinema.family-steiner.com\/?page_id=113"},"modified":"2019-06-24T15:14:51","modified_gmt":"2019-06-24T13:14:51","slug":"un-franco-14-pesetas-2010","status":"publish","type":"page","link":"https:\/\/cinema.family-steiner.com\/?page_id=113","title":{"rendered":"Un Franco, 14 Pesetas (2010)"},"content":{"rendered":"<p style=\"text-align: center;\">Als Sechsj\u00e4hriger zog Carlos Igl\u00e9sias 1960 mit seiner Mutter in die Schweiz, wo sein Vater gutbezahlte Arbeit gefunden hatte. Doch schon nach sechs Jahren kehrte die Familie nach Spanien zur\u00fcck. Genau diese Geschichte verfilmte der erfolgreiche Schauspieler in seinem Debutfilm als Regisseur: unspektakul\u00e4r, aber sympathisch.<\/p>\n<p style=\"text-align: center;\"><a href=\"https:\/\/cinema.family-steiner.com\/wp-content\/uploads\/2012\/06\/Mario-de-Benito-Un-franco-14-pesetas.jpg\"><img loading=\"lazy\" decoding=\"async\" class=\"aligncenter size-full wp-image-180\" title=\"Mario-de-Benito-Un-franco-14-pesetas\" src=\"https:\/\/cinema.family-steiner.com\/wp-content\/uploads\/2012\/06\/Mario-de-Benito-Un-franco-14-pesetas.jpg\" alt=\"\" width=\"600\" height=\"600\" srcset=\"https:\/\/cinema.family-steiner.com\/wp-content\/uploads\/2012\/06\/Mario-de-Benito-Un-franco-14-pesetas.jpg 600w, https:\/\/cinema.family-steiner.com\/wp-content\/uploads\/2012\/06\/Mario-de-Benito-Un-franco-14-pesetas-150x150.jpg 150w, https:\/\/cinema.family-steiner.com\/wp-content\/uploads\/2012\/06\/Mario-de-Benito-Un-franco-14-pesetas-300x300.jpg 300w\" sizes=\"(max-width: 600px) 100vw, 600px\" \/><\/a>Drollig sind sie schon, die beiden spanischen Freunde, die sich nur mit etwas Gep\u00e4ck, Wegzehrung und Touristenvisa ausger\u00fcstet, aber ohne Deutschkenntnisse, auf den Weg in ein Ostschweizer Dorf machen, in dem eine Firma Metallarbeiter sucht und ein Mehrfaches von dem bezahlt, das sie in Madrid verdienen. Martin l\u00e4sst Frau und Kind zur\u00fcck, Marcos seine patente Freundin, aber ihre miserabel bezahlten Stellen erlauben es ihnen nicht einmal, eigene Wohnungen zu mieten: sie m\u00fcssen bei ihren Eltern wohnen. Die Wohnung von Martins Eltern hat wenig Tageslicht, und das Verh\u00e4ltnis zur Schwiegertochter ist, wie so h\u00e4ufig, gespannt. Logischerweise ist es Martins Frau, die ihm den Vorschlag macht, in der Schweiz zu arbeiten, denn sie m\u00f6chte eine Eigentumswohnung in einer neuen \u00dcberbauung kaufen, deren Grundmauern gerade errichtet werden.<\/p>\n<p style=\"text-align: center;\">Land (Jahr): Spanien (2006)<br \/>\nGenre: Comedy, Drama<br \/>\nFilml\u00e4nge: 102min<br \/>\nRegie: Carlos Iglesias<br \/>\nDrehbuch: Carlos Iglesias<br \/>\nKamera: Tote Trenas<br \/>\nCast:<br \/>\nIsabel Blanco<br \/>\nEnrique Cazorla<br \/>\nNieve de Medina<br \/>\nEnrique Escudero<br \/>\nJavier Guti\u00e9rrez<br \/>\nCarlos Iglesias<br \/>\nCarmen Rossi<\/p>\n","protected":false},"excerpt":{"rendered":"<p>Als Sechsj\u00e4hriger zog Carlos Igl\u00e9sias 1960 mit seiner Mutter in die Schweiz, wo sein Vater gutbezahlte Arbeit gefunden hatte. Doch schon nach sechs Jahren kehrte die Familie nach Spanien zur\u00fcck. Genau diese Geschichte verfilmte der erfolgreiche Schauspieler in seinem Debutfilm &hellip; <a href=\"https:\/\/cinema.family-steiner.com\/?page_id=113\">Continue reading <span class=\"meta-nav\">&rarr;<\/span><\/a><\/p>\n","protected":false},"author":1,"featured_media":0,"parent":87,"menu_order":5,"comment_status":"closed","ping_status":"closed","template":"","meta":{"footnotes":""},"_links":{"self":[{"href":"https:\/\/cinema.family-steiner.com\/index.php?rest_route=\/wp\/v2\/pages\/113"}],"collection":[{"href":"https:\/\/cinema.family-steiner.com\/index.php?rest_route=\/wp\/v2\/pages"}],"about":[{"href":"https:\/\/cinema.family-steiner.com\/index.php?rest_route=\/wp\/v2\/types\/page"}],"author":[{"embeddable":true,"href":"https:\/\/cinema.family-steiner.com\/index.php?rest_route=\/wp\/v2\/users\/1"}],"replies":[{"embeddable":true,"href":"https:\/\/cinema.family-steiner.com\/index.php?rest_route=%2Fwp%2Fv2%2Fcomments&post=113"}],"version-history":[{"count":6,"href":"https:\/\/cinema.family-steiner.com\/index.php?rest_route=\/wp\/v2\/pages\/113\/revisions"}],"predecessor-version":[{"id":443,"href":"https:\/\/cinema.family-steiner.com\/index.php?rest_route=\/wp\/v2\/pages\/113\/revisions\/443"}],"up":[{"embeddable":true,"href":"https:\/\/cinema.family-steiner.com\/index.php?rest_route=\/wp\/v2\/pages\/87"}],"wp:attachment":[{"href":"https:\/\/cinema.family-steiner.com\/index.php?rest_route=%2Fwp%2Fv2%2Fmedia&parent=113"}],"curies":[{"name":"wp","href":"https:\/\/api.w.org\/{rel}","templated":true}]}}